 = 5*n, -a*n + 4*p = 3*p - 156. Calculate the greatest common factor of 8 and n.
8
Let m = -114 + 209. Calculate the highest common divisor of m and 19.
19
Suppose 5*p - i - 2 - 2 = 0, -5*i = -4*p - 1. Let y be 138 - (-2 + 4/p). Calculate the greatest common divisor of 17 and y.
17
Let p = 17 + -13. Suppose -7 = -p*n + 73. What is the highest common factor of n and 40?
20
Let o = -293 - -425. Calculate the highest common factor of o and 12.
12
Suppose b = -4*b - 5*x - 35, 4*b + 2*x = -32. Let u(m) = -m + 1. Let h be u(b). What is the highest common factor of 20 and h?
10
Suppose -9*f + 0*f = -144. What is the greatest common divisor of 4 and f?
4
Let x = 259 + -132. Let d = -64 + x. Calculate the highest common divisor of 7 and d.
7
Suppose -269 = -2*l + 5*g, 5*l + g - 934 = -194. What is the greatest common divisor of l and 21?
21
Let m be 1 + 0 + 2 + 1. Suppose 3*l - 2*g - 202 = 0, -2*l + 3*g - 113 = -4*l. Suppose -s = 3*s - l. Calculate the highest common factor of m and s.
4
Let d be 4/(-20)*-12 - 8/20. Calculate the highest common factor of d and 18.
2
Let m(r) = 6*r**3 + r - 1. Let l be m(1). Let u be 1*3*(2 + -4). Let j be 9/2*(-4)/u. Calculate the greatest common factor of l and j.
3
Let f be 6*(-5)/(-2)*1. What is the greatest common factor of 120 and f?
15
Let a(z) = -z**3 + 4*z**2 + 4*z - 1. Let w be a(5). Let k be w/(-8) - 22/8. Let t = k + 3. What is the greatest common divisor of 2 and t?
1
Let n = 364 - 256. Calculate the highest common factor of 27 and n.
27
Let r(f) = -f**3 - 4*f**2 + 7*f + 7. Let s be r(-6). Let l = s + -25. Let v be (-88)/((-1)/((-6)/(-4))). Calculate the greatest common divisor of l and v.
12
Let z be 3/(-2 - (-7)/2). Suppose 12 = 3*c - z*c. What is the highest common divisor of c and 132?
12
Let k be (26/(-10))/((-1)/5). Calculate the highest common factor of k and 13.
13
Let r = 12 + -2. Let u(x) = 2*x + 7. Let s be u(r). Calculate the highest common factor of 18 and s.
9
Suppose 2*x = -7*x + 1683. Calculate the greatest common factor of 11 and x.
11
Let l(v) be the third derivative of -317*v**4/24 + v**3/3 - 3*v**2. Let j be l(-1). Calculate the greatest common factor of 29 and j.
29
Let m = -21 - -9. Let r(o) = -o**2 - 14*o - 15. Let n be r(m). Let a be 2/9 - (-106)/n. Calculate the greatest common factor of 60 and a.
12
Let j = -9 + 3. Let c be (1*-50)/(j/15). What is the highest common factor of 25 and c?
25
Suppose 2*u - d - 65 = 0, 5*d = -5*u + 2*u + 65. Let g be ((-65)/(-52))/(2/16). Calculate the greatest common factor of g and u.
10
Let y be 1/(((-9)/6)/(-3)). Suppose 2*b = -x + 211, -3*b + 4*x = y*b - 508. What is the greatest common factor of b and 13?
13
Let z = -60 + 122. Calculate the highest common divisor of 31 and z.
31
Suppose -8*g + g = -98. Let d(i) = -3*i - 4. Let k be d(-6). What is the greatest common divisor of g and k?
14
Let c(b) = -8*b**2 + 4*b + 4. Let u be c(-3). Suppose 2*p = -0*p + 240. Let n = u + p. Calculate the highest common divisor of n and 16.
8
Let q = -9 - -10. What is the highest common divisor of 8 and q?
1
Let c(g) = -g**2 + 12*g - 4. Let a be c(8). Calculate the greatest common factor of a and 28.
28
Let w(x) = x + 11. Let q be w(3). Calculate the greatest common factor of 112 and q.
14
Suppose -m + 0 = 2*g - 17, 2 = 2*m. Calculate the greatest common divisor of g and 24.
8
Let j be 12/64*4*-4. Let y be -8*(-5)/((-5)/j). Calculate the greatest common divisor of y and 168.
24
Suppose 3*l - 2*l - 32 = -4*r, -3*r = -l - 31. Let g(v) = -2*v + 5. Let u be g(-11). Calculate the greatest common divisor of r and u.
9
Let r be 1/(-4) + (-341)/(-4). Suppose -10*y + 68 = -6*y. Calculate the greatest common factor of r and y.
17
Suppose 3*h + 0*h - 15 = 4*u, -2*h = u + 12. Let b(c) = -c**2 - 8*c. Let w be b(u). Let x = -43 + 61. What is the greatest common divisor of x and w?
6
Suppose 252 = t + 3*t. What is the greatest common divisor of 7 and t?
7
Suppose 4*s = 3*r - 51, s = -1 - 2. What is the highest common factor of 143 and r?
13
Suppose -76 = -5*d - 5*l + 164, 2*l = 2*d - 96. Calculate the highest common factor of d and 16.
16
Let h(b) = b**2 + 4*b + 4. Let o be h(-3). Suppose 0 = -2*l - o + 5. Let p = l + 0. What is the highest common divisor of p and 3?
1
Let m = 1 + 2. Calculate the greatest common divisor of m and 3.
3
Let n be (-5214)/(-102) + (-4)/34. What is the highest common factor of 6 and n?
3
Let k be (-156)/26*(-1)/2. Calculate the highest common factor of 48 and k.
3
Let r(j) = -j**3 - 13*j**2 + 17*j - 19. Let i be r(-15). Let n be -2 + i + -1 + 3. Let k = 16 + 0. What is the highest common factor of n and k?
16
Let y = 57 - -62. What is the greatest common factor of 17 and y?
17
Let n(q) = q**3 + 4*q**2 - 7*q - 6. Let h be n(-4). What is the highest common factor of 2 and h?
2
Let h(v) = -5*v + 64. Let l be h(7). What is the highest common divisor of l and 203?
29
Let y be -2*11 - (-24)/12. Let p be -12*(y/16)/1. Calculate the greatest common divisor of 5 and p.
5
Let f(m) = 92*m**3 - m**2 + m - 1. Let y be f(1). Calculate the highest common divisor of 13 and y.
13
Suppose -4*g + 158 = 2*j - 0*j, 4*j - 43 = -g. Let h = -7 + 3. Let n(u) = u**3 + 5*u**2 + u + 1. Let f be n(h). What is the highest common divisor of f and g?
13
Let j = 0 + 2. Suppose j*z + 6 = 5*h - 2*h, 4*h - 5*z - 8 = 0. Suppose h*u - 15 = -4*l - 3, -u - 5*l + 6 = 0. What is the highest common factor of 42 and u?
6
Let m = 27 + 8. Suppose 2*l - 3*i = -0*l + 29, 12 = -4*i. Suppose m + l = 5*n. What is the highest common factor of 3 and n?
3
Suppose 0*m - 36 = -2*m. Let w = 8 - 6. What is the highest common divisor of m and w?
2
Let q(z) = 2*z**2 - z + 13. Let s be q(-5). Calculate the highest common divisor of s and 17.
17
Suppose 330 = 2*n - 286. Suppose 0 = 3*w + w - n. Calculate the greatest common factor of w and 7.
7
Let k = -50 - -116. Let q(z) = 131*z**2 - z + 2. Let m be q(1). Let j = m - k. Calculate the greatest common divisor of j and 22.
22
Let b(v) = -v**3 + 5*v**2 + 2. Let q be b(5). Suppose q*c = -c. Let h be c - (-1 - 21) - -3. What is the highest common factor of 5 and h?
5
Let d = -24 - -44. Let x(u) = 4*u**2 + 2*u - 2. Let l(b) = b**3 - 6*b**2 + b - 8. Let w be l(6). Let s be x(w). Calculate the greatest common factor of d and s.
10
Let n be 39/12 + (-5)/20. What is the highest common divisor of 12 and n?
3
Let q(l) = -l + 59. Let f be q(18). What is the greatest common factor of 287 and f?
41
Let b be (9/12)/((-1)/(-4)) + 3. Let v be (0 + (-2)/(-5))*15. What is the highest common divisor of b and v?
6
Let h be (17 - 73)*6/(-7). What is the highest common divisor of 6 and h?
6
Let u(n) = -2*n**3 + 2*n**2 + 3*n + 2. Let v be u(-4). Calculate the greatest common divisor of 30 and v.
30
Suppose 5*r - 143 - 307 = 0. Let m(n) = 4*n - 2. Let s be m(3). What is the greatest common divisor of s and r?
10
Let u be (-4)/(-14) - 108/(-14). Suppose 1 = -9*c + 10. Calculate the highest common factor of c and u.
1
Let z be 6/(-21) - (-256)/14. Let s = z + -8. What is the highest common factor of 10 and s?
10
Let u(n) = -n**3 - 3*n**2 + 11*n + 5. Let d be u(-9). Calculate the greatest common factor of d and 49.
49
Let l = -94 - -174. What is the highest common divisor of l and 5?
5
Suppose -6 = -3*w - 0, -3*z + w = -7. Calculate the greatest common divisor of z and 33.
3
Suppose n = 5 + 2. Calculate the highest common factor of n and 42.
7
Let o = -102 - -198. Suppose 5*z - 2*k - 66 = 0, 5*z - 21 = 3*z - k. What is the greatest common divisor of z and o?
12
Suppose -3 = o, -2*u - 4*o + o + 35 = 0. What is the greatest common factor of 242 and u?
22
Let z be -14*(4 - 34/7). Calculate the greatest common factor of 84 and z.
12
Let h be ((-114)/21)/(7/(-49)). Calculate the greatest common factor of 190 and h.
38
Let c = -38 - -47. What is the highest common factor of 90 and c?
9
Let j(p) = 2*p + 1. Let n be j(5). Let h be (-5)/1 - (-17 + 1). What is the greatest common factor of h and n?
11
Suppose 0 = 3*q + 21 - 126. What is the greatest common divisor of 7 and q?
7
Suppose -76 = -5*z - 3*n, 0*n + n = 5*z - 88. Calculate the greatest common factor of 17 and z.
17
Let a = 139 - 121. Calculate the greatest common factor of a and 126.
18
Suppose -a = 4, 0 = -5*v + 3*a + a - 9. Let j(i)